t common divisor of u and 75.
15
Let d = 335 - 287. Let v(a) = -2*a - 3 + 4*a + 9. Let z be v(5). What is the greatest common divisor of d and z?
16
Let m(l) = 10*l. Let q be m(4). Suppose 11 = 3*a - 1, -q = -2*d + 2*a. Let g = 95 + 121. What is the greatest common divisor of g and d?
24
Let o(u) be the third derivative of u**5/10 + u**4/24 - u**3/3 - 8*u**2. Let f be o(-4). Calculate the highest common factor of 60 and f.
30
Let x(z) = 0*z**3 + 3*z**3 + 5*z**2 + 2*z**3 - 5*z. Suppose -b - 6 = -4*b. Let o be x(b). What is the greatest common factor of o and 10?
10
Suppose -q = 4*b - 168, 3*q - 363 = b + 180. What is the highest common divisor of 100 and q?
20
Let n(v) = 7*v**2 - 26*v - 67. Let s be n(-3). What is the highest common factor of 111 and s?
37
Let q(x) = -x + 1. Let p be q(12). Let m = 0 - p. Suppose -61 = -5*w + r, -w - 1 = 2*r - m. What is the highest common factor of 18 and w?
6
Let w(u) = -4*u**2 - 2*u - 1. Let n be w(-1). Let x be 10/(-3)*(n + -9). Let d be 3/2*30/9. Calculate the highest common divisor of x and d.
5
Let s = -97 + 146. Calculate the highest common divisor of 4 and s.
1
Let n be 16672/48 + 20/(-6). What is the greatest common factor of n and 43?
43
Suppose -2*i + 2*y = -98, 2*y = -0*i + 4*i - 194. Calculate the greatest common divisor of 3 and i.
3
Let h(m) = -m**3 + 8*m**2 + 3*m + 75. Let v be h(9). What is the greatest common divisor of 7 and v?
7
Let d = -11 + 11. Suppose d = -2*i + 7*i - 735. Let n be (-6)/(-2)*i/9. What is the highest common divisor of n and 7?
7
Let q be -21*((-12)/(-9) + -1). Let j(g) = -g**2 - 6*g + 5. Let c be j(q). Let s be (-10 - -12)*(-3)/c. Calculate the highest common factor of s and 3.
3
Suppose 4*i + 1584 = -0*i. Let v be ((-17)/(-2))/((-18)/i). What is the greatest common divisor of 17 and v?
17
Let r(t) be the second derivative of -t**5/20 + 7*t**4/12 + 5*t**3/6 - 6*t**2 + 17*t. Let o be r(7). What is the greatest common factor of 46 and o?
23
Suppose 2*p - 3*n - 46 = 0, 5*n + 30 = 2*p + 6*n. What is the highest common factor of p and 527?
17
Suppose 0 = -353*w + 347*w + 12354. What is the greatest common divisor of 71 and w?
71
Let f be 60/2 + 7 + 8/(-2). What is the greatest common divisor of f and 1947?
33
Suppose -58 = -5*a + 27. What is the highest common factor of a and 238?
17
Let f be (-5)/(-3*(-3)/(-72)). Let v = -5 + f. Calculate the greatest common factor of 315 and v.
35
Suppose -3*f + 2*f = f. Let l be (-2)/((-2 - f)*1). What is the highest common divisor of 1 and l?
1
Suppose -12*h + 216 = -9*h. Let z = -20 - -29. What is the greatest common factor of z and h?
9
Let s be 198 - (3 + -3)*-1. Let t(h) = -2*h**3 + 5*h - 3. Let v be t(3). Let y = -24 - v. Calculate the highest common divisor of y and s.
18
Let r = -214 - -299. Calculate the highest common factor of r and 17.
17
Let r = -548 - -584. What is the highest common factor of r and 156?
12
Suppose 767 = 2*z + 3*j - 8*j, z + j - 401 = 0. What is the highest common divisor of 132 and z?
132
Let x be 9/(1863/2502) - (-2)/(-23). What is the greatest common factor of x and 84?
12
Let v(y) = 22*y - 41. Let j be v(2). Calculate the highest common divisor of j and 69.
3
Let m be (14/(-42))/(2/(-12)). Suppose -4*b - 4 = 4*i - 24, 5*b + m = -2*i. What is the highest common factor of 3 and i?
3
Suppose -m = 6*m - 840. What is the highest common factor of m and 24?
24
Let a(p) = 77*p - 181. Let x be a(5). What is the highest common factor of x and 136?
68
Suppose -3*p + 2*r + 87 = 6*r, 3*p - 2*r = 105. Calculate the highest common factor of p and 3.
3
Let p(d) = 205*d**2 + 2*d - 1. Let t be p(1). Suppose 0 = -4*l + t - 50. Calculate the highest common divisor of l and 195.
39
Suppose 5*n - 8 = 3*f, 0 = n + f - 2*f. Suppose q - n*q + 30 = 0. Suppose j - 5 = -3*j - o, -2*o = -2*j + q. Calculate the highest common divisor of 5 and j.
1
Suppose 125*x - 123*x = 70. Calculate the highest common divisor of x and 10.
5
Let s(m) = -m**3 - 2*m**2 - 2*m + 1. Let b be s(0). Suppose 0*i - 5*f - b = 2*i, i + 4*f + 2 = 0. Calculate the greatest common factor of 6 and i.
2
Let s = -55 + 26. Let y = -19 - s. Let x(d) = d**2 + 14*d + 18. Let n be x(-13). Calculate the greatest common factor of y and n.
5
Let i be (6/(-9)*-6)/(4/78). Calculate the highest common factor of i and 6.
6
Let h(p) = 4*p**2 + 2*p. Let f be h(0). Suppose f = -3*l + 3*y + 27, -2*y = 5*l - 5*y - 43. What is the highest common divisor of 40 and l?
8
Suppose -26*w + 22*w = -1680. What is the highest common divisor of w and 12?
12
Suppose 0 = -p - 5*a - 0 + 1, 5*a = p - 1. Let i be 53 + (p - 2)/(-1). Calculate the highest common divisor of i and 27.
27
Suppose r + 0*h + 2*h - 32 = 0, -3*r - h + 71 = 0. What is the highest common divisor of r and 143?
11
Suppose -3*s + 4*z + 341 = 0, 3*s - z - 255 - 80 = 0. Calculate the greatest common divisor of 407 and s.
37
Let x = 7 - 13. Let v be (x + 3 - 3)*-1. Suppose -90 = -0*c - 3*c. What is the highest common divisor of v and c?
6
Let q = -17 - -24. Let a = q - 5. Suppose -n - 3*k = -17, 4 - 44 = -a*n - 3*k. What is the highest common divisor of n and 92?
23
Let g(r) = -r + 27. Let t be g(9). Let v = 12 - -28. Let p be ((-48)/v)/((-2)/20). What is the highest common factor of p and t?
6
Suppose 0 = 9*p - 14*p + 440. Let r = 52 + p. Calculate the greatest common divisor of 20 and r.
20
Let l = -65 - -201. Let o(b) = -15*b - 2. Let d(j) = 119*j + 17. Let x(q) = -2*d(q) - 17*o(q). Let w be x(1). Calculate the highest common divisor of l and w.
17
Suppose -20*z + 19147 = -5813. What is the greatest common factor of 96 and z?
96
Let h(f) = -f**2 + 14*f + 42. Let s be h(12). Calculate the highest common factor of 54 and s.
6
Let h(f) = 3*f**2 - 16*f + 6. Let j be h(6). What is the greatest common divisor of 90 and j?
18
Suppose 0 = 2*s - 9 + 285. Let c = s - -238. What is the highest common factor of 40 and c?
20
Suppose 4*b = -2*r + 332, -3*b + 258 = -0*b - 3*r. Suppose 5*g + 3*w = 295, -2*g + w - 117 = -4*g. Calculate the highest common factor of g and b.
28
Let u(c) be the second derivative of c**4/12 + c**3/2 - 15*c**2/2 - 16*c. Let x be u(-7). Calculate the highest common factor of 26 and x.
13
Let x(l) = -3*l + 10*l + 14*l + 1 + 5*l. Let c be x(4). What is the highest common factor of c and 15?
15
Let h = -1105 + 1162. What is the greatest common factor of 3 and h?
3
Let n = -1221 + 1578. Calculate the greatest common divisor of n and 126.
21
Suppose 560 = -4*v + 18*v. What is the greatest common factor of v and 280?
40
Let u be (8/(-12))/(6/(-27)). Let s be -3 - (54/u)/(-3). Let j(v) = v**3 + 5*v**2 - 4*v + 7. Let q be j(-5). Calculate the greatest common divisor of q and s.
3
Let s(h) = -2*h - 19. Let g be s(-17). Let v(k) = k - 16. Let z be v(g). Let y = z + 12. Calculate the highest common divisor of 121 and y.
11
Let g(y) = y + 1. Let p(l) = -3*l + 4. Let v(b) = -4*g(b) - 2*p(b). Let m be v(21). Calculate the highest common factor of 75 and m.
15
Suppose -2*f - 2*f - 170 = 3*i, -2*i = 5*f + 209. Let m = f + 51. What is the greatest common divisor of m and 50?
10
Let m(y) = -y**2 - 22*y - 9. Let c be m(-20). Suppose 0 = -3*i - c + 223. What is the greatest common divisor of 8 and i?
8
Let x be 12 - (91/(-28) - 4/(-16)). What is the highest common divisor of x and 2085?
15
Suppose 4006 = -11*d + 5865. Calculate the greatest common factor of d and 247.
13
Suppose 8 = 5*i - 7, l - 7 = -2*i. What is the greatest common divisor of 16 and l?
1
Let r(g) = 110*g - 1120. Let b be r(12). What is the highest common divisor of 75 and b?
25
Let s = 3 + 3. Let g be 4 - (-1*s)/3. Let r(t) = -3*t - 45. Let w be r(-23). Calculate the greatest common divisor of w and g.
6
Suppose 0 = 5*l + b - 329, 0 = -2*l + 5*l + 3*b - 195. Calculate the greatest common divisor of 264 and l.
66
Suppose 20 = -2*j + 26. Suppose 5*r = 2*g - 93, g = j*g - r - 89. Let x be (-6)/9 + (-400)/(-6). What is the highest common divisor of g and x?
22
Let d be (-2)/9 - (-820)/45. Let j(a) = -a**2 + 23*a - 40. Let o be j(d). Let b be 4/18 + 178/9. Calculate the highest common divisor of o and b.
10
Suppose 0 = 3*y - 4*y + 144. Let r be (-1 - 3)/(-2) - -37. Let q = -21 + r. Calculate the highest common divisor of q and y.
18
Suppose 10 = -2*f + 20. Let g be (-8)/(